{"id":1472,"date":"2023-05-10T18:08:07","date_gmt":"2023-05-10T18:08:07","guid":{"rendered":"https:\/\/kezo.mus.br\/?page_id=1472"},"modified":"2024-12-17T17:20:18","modified_gmt":"2024-12-17T17:20:18","slug":"about-me","status":"publish","type":"page","link":"https:\/\/kezo.mus.br\/?page_id=1472&lang=en","title":{"rendered":"About me"},"content":{"rendered":"\n<div class=\"wp-block-group is-vertical is-layout-flex wp-container-core-group-is-layout-8cf370e7 wp-block-group-is-layout-flex\">\n<p class=\"has-medium-font-size\"><mark style=\"background-color:rgba(0, 0, 0, 0)\" class=\"has-inline-color has-black-color\">I\u00b4m a Brazilian musician and multi instrumentalist, composer and producer. I\u00b4ve been working as a session musician for more than 20 years, collaborating in many albums and live gigs. Over the last 10 years, I\u00b4ve also worked as a composer for movies, with cues exhibited in live actions, television series and animation series. As part of the team of <a href=\"https:\/\/www.submarinofantastico.com.br\/\" target=\"_blank\" rel=\"noreferrer noopener\" title=\"Submarino Fantastico Studio\">Submarino Fantastico Studio<\/a>, in S\u00e3o Paulo, my music is part of many shows in venues like Nickelodeon, Amazon Prime, Cartoon Network, Discovery Kids, HBO, Netflix, Gloob, Rede Globo, TV Cultura e Warner Channel.<\/mark><\/p>\n\n\n\n<p><\/p>\n\n\n\n<p class=\"has-medium-font-size\"><mark style=\"background-color:rgba(0, 0, 0, 0)\" class=\"has-inline-color has-black-color\">I\u00b4m also have my solo work, with 4 album released and available on the major music platforms. I have also composed for the <a href=\"https:\/\/www.musiclibrary.es\/\" target=\"_blank\" rel=\"noreferrer noopener\" title=\"Music Library &amp; SFX \">Music Library &amp; SFX <\/a>in Spain, with 2 album available at their own platform. <\/mark><\/p>\n\n\n\n<p><\/p>\n\n\n\n<p class=\"has-medium-font-size\"><mark style=\"background-color:rgba(0, 0, 0, 0)\" class=\"has-inline-color has-black-color\">I have a Music Education Degree, at UNESP (State University of S\u00e3o Paulo), a Master Degree in Art Education (State University of S\u00e3o Paulo) and a PhD Degree in Musicology at USP (University of S\u00e3o Paulo).<\/mark><\/p>\n\n\n\n<p><\/p>\n\n\n\n<p class=\"has-medium-font-size\"><mark style=\"background-color:rgba(0, 0, 0, 0)\" class=\"has-inline-color has-black-color\">Feel free to listen to my work at the main page. And do not forget to say hello, using the information at the contact page.  <\/mark><\/p>\n<\/div>\n\n\n\n<p> <\/p>\n","protected":false},"excerpt":{"rendered":"<p>I\u00b4m a Brazilian musician and multi instrumentalist, composer and producer. I\u00b4ve been working as a session musician for more than 20 years, collaborating in many albums and live gigs. Over the last 10 years, I\u00b4ve also worked as a composer for movies, with cues exhibited in live actions, television series and animation series. As part &hellip;<\/p>\n<p class=\"read-more\"> <a class=\"\" href=\"https:\/\/kezo.mus.br\/?page_id=1472&#038;lang=en\"> <span class=\"screen-reader-text\">About me<\/span> Read More &raquo;<\/a><\/p>\n","protected":false},"author":1,"featured_media":0,"parent":0,"menu_order":0,"comment_status":"closed","ping_status":"closed","template":"","meta":{"om_disable_all_campaigns":false,"_monsterinsights_skip_tracking":false,"_monsterinsights_sitenote_active":false,"_monsterinsights_sitenote_note":"","_monsterinsights_sitenote_category":0,"footnotes":""},"class_list":["post-1472","page","type-page","status-publish","hentry"],"_links":{"self":[{"href":"https:\/\/kezo.mus.br\/index.php?rest_route=\/wp\/v2\/pages\/1472","targetHints":{"allow":["GET"]}}],"collection":[{"href":"https:\/\/kezo.mus.br\/index.php?rest_route=\/wp\/v2\/pages"}],"about":[{"href":"https:\/\/kezo.mus.br\/index.php?rest_route=\/wp\/v2\/types\/page"}],"author":[{"embeddable":true,"href":"https:\/\/kezo.mus.br\/index.php?rest_route=\/wp\/v2\/users\/1"}],"replies":[{"embeddable":true,"href":"https:\/\/kezo.mus.br\/index.php?rest_route=%2Fwp%2Fv2%2Fcomments&post=1472"}],"version-history":[{"count":6,"href":"https:\/\/kezo.mus.br\/index.php?rest_route=\/wp\/v2\/pages\/1472\/revisions"}],"predecessor-version":[{"id":1642,"href":"https:\/\/kezo.mus.br\/index.php?rest_route=\/wp\/v2\/pages\/1472\/revisions\/1642"}],"wp:attachment":[{"href":"https:\/\/kezo.mus.br\/index.php?rest_route=%2Fwp%2Fv2%2Fmedia&parent=1472"}],"curies":[{"name":"wp","href":"https:\/\/api.w.org\/{rel}","templated":true}]}}