{"id":1188,"date":"2021-06-22T13:45:15","date_gmt":"2021-06-22T13:45:15","guid":{"rendered":"http:\/\/kezo.mus.br\/?page_id=1188"},"modified":"2024-12-16T00:31:50","modified_gmt":"2024-12-16T00:31:50","slug":"sobre-mi","status":"publish","type":"page","link":"https:\/\/kezo.mus.br\/?page_id=1188&lang=es","title":{"rendered":"Sobre m\u00ed"},"content":{"rendered":"\n<p class=\"has-medium-font-size\"><span class=\"has-inline-color has-black-color\">Me llamo Kezo Nogueira.<\/span><\/p>\n\n\n\n<p class=\"has-medium-font-size\"><span class=\"has-inline-color has-black-color\">Natural de Salvador, empec\u00e9 a tocar bater\u00eda y guitarra ac\u00fastica con 14 a\u00f1os, de forma autodidacta. Tuve algunas bandas y en 1995, junto con dos amigos (Alexandre Processo y CH), creamos a Banda Setembro. En 1996, grabamos una demo que fue bien criticada en la prensa y tambi\u00e9n recibi\u00f3 elogios de Ed Motta, que incluyo se propuso a producir nuestro \u00e1lbum (lo que no ocurri\u00f3). En 1996, fue estudiar en Italia, en lo Summer Program de Berklee, en Perugia, donde estudi\u00e9 con Ron Savage. En 2001, la Banda Setembro grab\u00f3 su primero CD y fuimos vivir en S\u00e3o Paulo. En 2004, la banda retorn\u00f3 para Salvador y yo me qued\u00e9 en S\u00e3o Paulo.<\/span><\/p>\n\n\n\n<p class=\"has-medium-font-size\"><span class=\"has-inline-color has-black-color\">Entonces, empec\u00e9 a trabajar con otros artistas, como m\u00fasico acompa\u00f1ante, en grabaciones y presentaciones. Artistas como Clara Moreno, L\u00e9o Maia, Luciano Nassyn, Rafael Pond\u00e9, Nathalia Siqueira, Tito Bahiense, Luis Fernando Neto, Karyme Hass, F\u00falvio Oliveira, Bruno Masi, Marcelo Quintanilha, O Sonso, Rodrigo Bragan\u00e7a, Luzia Dvorek, Sebastian, Ubirantan Marques, Vanguart, Zepa, Felipe Antunes, Vitrola Sint\u00e9tica, Adriano Grineberg, Vitor Kley, Kell Smith, etc. Tambi\u00e9n produje discos y bandas sonoras.<\/span><\/p>\n\n\n\n<p class=\"has-medium-font-size\"><span class=\"has-inline-color has-black-color\">En 2005, viv\u00ed en Espa\u00f1a, acompa\u00f1ando el m\u00fasico brasile\u00f1o Mauricio Melo, adem\u00e1s de otros artistas locales. En 2006, volv\u00ed para S\u00e3o Paulo y continu\u00e9 acompa\u00f1ando artistas y produciendo grabaciones.<\/span><\/p>\n\n\n\n<p class=\"has-medium-font-size\"><span class=\"has-inline-color has-black-color\">En 2008, fue para Estados Unidos estudiar con Art Gore, baterista profesor del curso de Jazz Studies, en la Universidad de Cincinnati. Cuando volv\u00ed para S\u00e3o Paulo, ingres\u00e9 en la UNESP (Universidad Estatal de S\u00e3o Paulo), en el curso de Licenciatura en Educaci\u00f3n Musical. Yo hice parte del Proyecto Caminos Sonoros, en Mairipor\u00e3, que fue pionero en el \u00e1rea de ecolog\u00eda sonora, bajo la orientaci\u00f3n de la Prof. Marisa Fonterrada. Tambi\u00e9n hice parte del PIBID (programa de iniciaci\u00f3n de docencia) de Educaci\u00f3n Musical en UNESP, bajo la orientaci\u00f3n de la Prof. Luiza Christov y Jessica Makino, con clases en la red p\u00fablica de escuelas en S\u00e3o Paulo. Tambi\u00e9n actu\u00e9 como asistente en CantorIA, el coro infante-juvenil del UNESP, bajo la orientaci\u00f3n de la Prof. Marisa Fonterrada y Leila Vertamatti. En 2011, particip\u00e9 del N\u00facleo de Ense\u00f1anza de UNESP, bajo la orientaci\u00f3n de la Prof. Iveta Borges, con un proyecto de producci\u00f3n musical en una escuela p\u00fablica, usando la tecnolog\u00eda musical. Este proyecto fue abordado en mi trabajo de conclusi\u00f3n de curso, en 2012. Tengo m\u00e1ster en artes, concluido tambi\u00e9n en UNESP, con pesquisa sobre el arte marcial Aikido y la aplicaci\u00f3n de su filosof\u00eda en educaci\u00f3n. Tengo Doctorado en musicologia por la USP, bajo la orientaci\u00f3n de la Prof. Dra. Heloisa Valente. Mi pesquisa es sobre los procesos creativos de composici\u00f3n de bandas sonoras para animaciones. Tambi\u00e9n soy parte del Centro de Estudios de M\u00fasica y Media (MusiMid).<\/span><\/p>\n\n\n\n<p class=\"has-medium-font-size\"><span class=\"has-inline-color has-black-color\">Desde 2016\u00a0trabajo como productor musical y compositor en el Estudio\u00a0<a href=\"http:\/\/submarinofantastico.com.br\/\">Submarino Fant\u00e1stico<\/a>, donde compongo bandas sonoras. Entre los clientes atendidos est\u00e1n Nickelodeon, Amazon Prime, Cartoon Network, Discovery Kids, HBO, Netflix, Gloob, Rede Globo, TV Cultura y Warner Channel. Como compositor, tengo participaci\u00f3n en proyectos com &#8220;Canga\u00e7o Novo&#8221; (Serie, Amazon Prime), &#8220;Dois tempos&#8221; (serie, Star+), &#8220;Confisco&#8221; (serie, Hbo Max), &#8220;Temporada de Ver\u00e3o&#8221; (serie, Netflix), &#8220;Ningu\u00e9ns&#8221; (serie, TVE Bahia), &#8220;3%&#8221; (serie, Netflix), &#8220;13 dias longe do sol&#8221; (serie, TV Globo), &#8220;Mal me quer&#8221; (serie, Warner Channel), &#8220;Oswaldo&#8221; (serie, Cartoon Network, TV Cultura, Netflix), &#8220;Oceano&#8221; (largometraje, AppleTV), entre otros.\u00a0Tambi\u00e9n\u00a0soy compositor de Music Library &#038;SFX, en Espa\u00f1a.<\/span><\/p>\n\n\n","protected":false},"excerpt":{"rendered":"<p>Me llamo Kezo Nogueira. Natural de Salvador, empec\u00e9 a tocar bater\u00eda y guitarra ac\u00fastica con 14 a\u00f1os, de forma autodidacta. Tuve algunas bandas y en 1995, junto con dos amigos (Alexandre Processo y CH), creamos a Banda Setembro. En 1996, grabamos una demo que fue bien criticada en la prensa y tambi\u00e9n recibi\u00f3 elogios de &hellip;<\/p>\n<p class=\"read-more\"> <a class=\"\" href=\"https:\/\/kezo.mus.br\/?page_id=1188&#038;lang=es\"> <span class=\"screen-reader-text\">Sobre m\u00ed<\/span> Read More &raquo;<\/a><\/p>\n","protected":false},"author":1,"featured_media":0,"parent":0,"menu_order":0,"comment_status":"closed","ping_status":"closed","template":"","meta":{"om_disable_all_campaigns":false,"_monsterinsights_skip_tracking":false,"_monsterinsights_sitenote_active":false,"_monsterinsights_sitenote_note":"","_monsterinsights_sitenote_category":0,"footnotes":""},"class_list":["post-1188","page","type-page","status-publish","hentry"],"_links":{"self":[{"href":"https:\/\/kezo.mus.br\/index.php?rest_route=\/wp\/v2\/pages\/1188","targetHints":{"allow":["GET"]}}],"collection":[{"href":"https:\/\/kezo.mus.br\/index.php?rest_route=\/wp\/v2\/pages"}],"about":[{"href":"https:\/\/kezo.mus.br\/index.php?rest_route=\/wp\/v2\/types\/page"}],"author":[{"embeddable":true,"href":"https:\/\/kezo.mus.br\/index.php?rest_route=\/wp\/v2\/users\/1"}],"replies":[{"embeddable":true,"href":"https:\/\/kezo.mus.br\/index.php?rest_route=%2Fwp%2Fv2%2Fcomments&post=1188"}],"version-history":[{"count":4,"href":"https:\/\/kezo.mus.br\/index.php?rest_route=\/wp\/v2\/pages\/1188\/revisions"}],"predecessor-version":[{"id":1640,"href":"https:\/\/kezo.mus.br\/index.php?rest_route=\/wp\/v2\/pages\/1188\/revisions\/1640"}],"wp:attachment":[{"href":"https:\/\/kezo.mus.br\/index.php?rest_route=%2Fwp%2Fv2%2Fmedia&parent=1188"}],"curies":[{"name":"wp","href":"https:\/\/api.w.org\/{rel}","templated":true}]}}