{"id":1136,"date":"2021-06-18T13:34:21","date_gmt":"2021-06-18T13:34:21","guid":{"rendered":"http:\/\/kezo.mus.br\/?page_id=1136"},"modified":"2025-10-12T16:50:47","modified_gmt":"2025-10-12T16:50:47","slug":"sobre-mim","status":"publish","type":"page","link":"https:\/\/kezo.mus.br\/?page_id=1136","title":{"rendered":"Sobre mim"},"content":{"rendered":"\n<p style=\"font-size:16px\"><span class=\"has-inline-color has-black-color\">Natural de Salvador, comecei a tocar com 14 anos, bateria e viol\u00e3o, de forma autodidata. Tive algumas bandas e em 1995, junto com dois amigos (Alexandre Processo e CH), criei a Banda Setembro. Fizemos muitas apresenta\u00e7\u00f5es, as mais marcantes no Teatro Vila-Velha, no Meia-noite se Improvisa, evento que acontecia na \u00e9poca em que o teatro estava lutando para se reerguer. Em 1996, Gravamos uma demo que foi muito bem aceita pela cr\u00edtica e muito elogiada por Ed Motta, que se prontificou para produzir nosso disco (o que acabou n\u00e3o acontecendo). Em 1996, fui para It\u00e1lia e fiz o Summer Program da Berklee em Perugia, onde fui aluno de Ron Savage. Em 2001, a Setembro gravou seu primeiro CD e em 2003 nos mudamos para S\u00e3o Paulo. Em 2004, o pessoal voltou pra Salvador e eu fiquei.<\/span><\/p>\n\n\n\n<p style=\"font-size:16px\"><span class=\"has-inline-color has-black-color\">A partir da\u00ed, passei a trabalhar com outros artistas, como m\u00fasico acompanhante em grava\u00e7\u00f5es e apresenta\u00e7\u00f5es. Entre eles, Clara Moreno, L\u00e9o Maia, Luciano Nassyn, Rafael Pond\u00e9, Nathalia Siqueira, Tito Bahiense,\u00a0 Luis Fernando Neto, Karyme Hass, F\u00falvio Oliveira, Bruno Masi, Marcelo Quintanilha, O Sonso, Rodrigo Bragan\u00e7a, Luzia Dvorek, Sebastian, Ubirantan Marques, Vanguart, Zepa, Felipe Antunes, Vitrola Sint\u00e9tica, Adriano Grineberg, Vitor Kley, Kell Smith, etc. Passei tamb\u00e9m a produzir discos e trilhas sonoras.<\/span><\/p>\n\n\n\n<p style=\"font-size:16px\"><span class=\"has-inline-color has-black-color\">Em 2005, morei na Espanha, acompanhando o m\u00fasico Mauricio Melo e outros artistas locais. Em 2006, voltei para S\u00e3o Paulo e continuei acompanhando artistas e fazendo grava\u00e7\u00f5es.Em 2008, fui para os Estados Unidos estudar com Art Gore, baterista professor do curso de Jazz Studies da Universidade de Cincinnati. <\/span><\/p>\n\n\n\n<p style=\"font-size:16px\"><span class=\"has-inline-color has-black-color\">Quando voltei para S\u00e3o Paulo, ingressei na UNESP, no curso de Licenciatura em Educa\u00e7\u00e3o Musical. Fiz parte do Projeto Caminhos Sonoros em Mairipor\u00e3, pioneiro na \u00e1rea de ecologia sonora, sob a orienta\u00e7\u00e3o da Prof. Marisa Fonterrada. Fiz parte do PIBID de Educa\u00e7\u00e3o Musical da UNESP, sob orienta\u00e7\u00e3o da Prof. Luiza Christov e Jessica Makino, dando aulas na rede p\u00fablica. Tamb\u00e9m atuei como assistente no CantorIA, coro infanto-juvenil da UNESP, sob a dire\u00e7\u00e3o de Marisa Fonterrada e Leila Vertamatti. Em 2011, participei do N\u00facleo de Ensino da UNESP, sob a orienta\u00e7\u00e3o da Prof. Iveta Borges, com um projeto de produ\u00e7\u00e3o musical no ensino m\u00e9dio, usando a tecnologia musical. E deste projeto saiu meu trabalho de conclus\u00e3o do curso, no final de 2012. Tenho textos publicados em fun\u00e7\u00e3o desta pesquisa e sobre outras abordagens. Tenho mestrado em artes, conclu\u00eddo tamb\u00e9m pela UNESP, sob orienta\u00e7\u00e3o da Profa. Dra. Luiza Helena da Silva Christov. <span class=\"has-inline-color has-black-color\">E doutorado em musicologia pela USP, com \u00eanfase em processos de cria\u00e7\u00e3o musical, com orienta\u00e7\u00e3o da Prof. Dra. Heloisa Valente, l\u00edder do Centro de Estudos de M\u00fasica e M\u00eddia (MusiMid).<\/span><\/span><\/p>\n\n\n\n<p style=\"font-size:16px\"><span class=\"has-inline-color has-black-color\">Desde 2016, colaboro como produtor musical e compositor na produtora\/coletivo\u00a0<a href=\"http:\/\/submarinofantastico.com.br\/\">Submarino Fant\u00e1stico<\/a>, compondo m\u00fasicas para cinema, TV fechada e aberta. Entre os clientes atendidos est\u00e3o Nickelodeon, Amazon Prime, Cartoon Network, Discovery Kids, HBO, Netflix, Gloob, Rede Globo, TV Cultura e Warner Channel. Como compositor, tenho participa\u00e7\u00e3o em projetos com &#8220;Canga\u00e7o Novo&#8221; (S\u00e9rie, Amazon Prime), &#8220;Dois tempos&#8221; (S\u00e9rie, Star+), &#8220;Confisco&#8221; (S\u00e9rie, Hbo Max), &#8220;Temporada de Ver\u00e3o&#8221; (S\u00e9rie, Netflix), &#8220;Ningu\u00e9ns&#8221; (s\u00e9rie, TVE Bahia), &#8220;3%&#8221; (s\u00e9rie, Netflix), &#8220;13 dias longe do sol&#8221; (s\u00e9rie, TV Globo), &#8220;Mal me quer&#8221; (s\u00e9rie, Warner Channel), &#8220;Oswaldo&#8221; (s\u00e9rie, Cartoon Network, TV Cultura, Netflix), &#8220;Oceano&#8221; (longa metragem, AppleTV) entre outras.\u00a0<\/span><\/p>\n\n\n\n<p style=\"font-size:16px\"><span class=\"has-inline-color has-black-color\">Tamb\u00e9m sou compositor filiado ao Music Library &amp;SFX (Espanha) e ao Pond5.<\/span><\/p>\n","protected":false},"excerpt":{"rendered":"<p>Natural de Salvador, comecei a tocar com 14 anos, bateria e viol\u00e3o, de forma autodidata. Tive algumas bandas e em 1995, junto com dois amigos (Alexandre Processo e CH), criei a Banda Setembro. Fizemos muitas apresenta\u00e7\u00f5es, as mais marcantes no Teatro Vila-Velha, no Meia-noite se Improvisa, evento que acontecia na \u00e9poca em que o teatro &hellip;<\/p>\n<p class=\"read-more\"> <a class=\"\" href=\"https:\/\/kezo.mus.br\/?page_id=1136\"> <span class=\"screen-reader-text\">Sobre mim<\/span> Read More &raquo;<\/a><\/p>\n","protected":false},"author":1,"featured_media":0,"parent":0,"menu_order":0,"comment_status":"closed","ping_status":"closed","template":"","meta":{"om_disable_all_campaigns":false,"_monsterinsights_skip_tracking":false,"_monsterinsights_sitenote_active":false,"_monsterinsights_sitenote_note":"","_monsterinsights_sitenote_category":0,"footnotes":""},"class_list":["post-1136","page","type-page","status-publish","hentry"],"_links":{"self":[{"href":"https:\/\/kezo.mus.br\/index.php?rest_route=\/wp\/v2\/pages\/1136","targetHints":{"allow":["GET"]}}],"collection":[{"href":"https:\/\/kezo.mus.br\/index.php?rest_route=\/wp\/v2\/pages"}],"about":[{"href":"https:\/\/kezo.mus.br\/index.php?rest_route=\/wp\/v2\/types\/page"}],"author":[{"embeddable":true,"href":"https:\/\/kezo.mus.br\/index.php?rest_route=\/wp\/v2\/users\/1"}],"replies":[{"embeddable":true,"href":"https:\/\/kezo.mus.br\/index.php?rest_route=%2Fwp%2Fv2%2Fcomments&post=1136"}],"version-history":[{"count":12,"href":"https:\/\/kezo.mus.br\/index.php?rest_route=\/wp\/v2\/pages\/1136\/revisions"}],"predecessor-version":[{"id":1780,"href":"https:\/\/kezo.mus.br\/index.php?rest_route=\/wp\/v2\/pages\/1136\/revisions\/1780"}],"wp:attachment":[{"href":"https:\/\/kezo.mus.br\/index.php?rest_route=%2Fwp%2Fv2%2Fmedia&parent=1136"}],"curies":[{"name":"wp","href":"https:\/\/api.w.org\/{rel}","templated":true}]}}